hat is the remainder when w is divided by c?
24
Let b(p) = 214*p**2 - 1450*p - 7258. What is the remainder when b(-5) is divided by 81?
77
Let b = 11607 - 11603. Calculate the remainder when 171 is divided by b.
3
Let f(a) = a**3 + 33*a**2 + 40*a - 106. What is the remainder when f(-26) is divided by 57?
52
Let x(d) = 84*d**2 - d. Suppose -8*r + 134 + 58 = 0. What is the remainder when x(-1) is divided by r?
13
Suppose -17 = 6*y - 5. What is the remainder when (-381)/(-15) + y/5 is divided by 10?
5
Let u = 16804 - 16728. What is the remainder when 1189 is divided by u?
49
Suppose 11*p + 2*k = 9*p + 152, 394 = 5*p - 2*k. What is the remainder when 82 is divided by p?
4
Let m = 5 - 26. Let t = m - 25. Let r = 13 - t. Calculate the remainder when r is divided by 5.
4
Let w be (-12 - -8 - (1 + -78))/1. Suppose 8*z = w + 15. Calculate the remainder when (0 - -7)*18/6 is divided by z.
10
Calculate the remainder when 3409/1 - (1/3 + 150/(-45)) is divided by 61.
57
Let c = -2492 + 2502. Let r = -124 - -153. Calculate the remainder when r is divided by c.
9
Let d(c) = -c**3 - 17*c**2 + 15*c - 47. Let m be d(-18). Let b(z) = -4*z + 50. What is the remainder when 29 is divided by b(m)?
7
Suppose 5*d = 62 + 63. Let f = d + 1. Suppose -1041 = -23*s + 109. What is the remainder when s is divided by f?
24
Suppose 0 = -49*t + 31 + 165. Calculate the remainder when 310 is divided by t.
2
Let y(n) = 78*n**3 + 22*n**2 + 34*n - 135. Calculate the remainder when y(5) is divided by 44.
39
Let b = 6 - -23. Let r(n) = 18*n + 217. Let v(k) = -4*k**2 - 49*k + 30. Let f be v(-13). What is the remainder when r(f) is divided by b?
26
Let d(v) = -v**3 + 3*v**2 - 9*v**2 + 1 - v + 4*v + 6*v. Suppose -3*t + 2*t - 2*c = 11, -40 = 4*t + 4*c. Calculate the remainder when d(t) is divided by 41.
40
Let c(r) = -r**3 + 6*r**2 + 2*r - 9. Let n be c(6). Let f be n + -3 + 2 + -2 + 2. Calculate the remainder when 3 is divided by (12/(-36))/(f/(-18)).
0
Suppose 2*d = 4, 5*y - 400 - 460 = -5*d. What is the remainder when y is divided by 135?
35
Let m(a) = -3*a + 55. Suppose 13 = 3*o - 2*j, -3*o + 4*o + 14 = -3*j. Calculate the remainder when ((-1)/o)/((-50)/15 - -3) is divided by m(18).
0
Suppose 0 = -136*l + 93*l + 516. Calculate the remainder when 247 is divided by l.
7
Let c = -35491 - -37123. What is the remainder when c is divided by 814?
4
Suppose 2*u + 331 = 897. Let m = 299 - u. Calculate the remainder when 86 is divided by m.
6
Suppose -o + 3146 = 2*t, 4*t + 35*o - 6288 = 31*o. Calculate the remainder when t is divided by 25.
24
Suppose 253 - 4 = 8*l - 679. What is the remainder when l is divided by 40?
36
Let v(i) = 802*i + 873. Calculate the remainder when 1854 is divided by v(-1).
8
Suppose 37*b - 14*b = 13547. What is the remainder when b is divided by 332?
257
Let i(t) = -3*t**2 - 15*t - 38. Let d be i(-5). Let o = 24 - 60. Let z = o - d. Calculate the remainder when 3 is divided by z.
1
Suppose -6*g = -7*g. Suppose y = g, -5*y = -h - 2*h - 15. What is the remainder when 44 is divided by (-251)/(-11) - (40/44)/h?
21
Suppose 23*l - 446 - 2179 = -378 + 76. Suppose 3*y = 6*y - 5*o - 1834, -5*y - 5*o + 2990 = 0. Calculate the remainder when y is divided by l.
98
Calculate the remainder when 886 is divided by 8*11/396 + 799/9.
85
Let i(j) = 25*j - 6. Suppose c + 6 = 2*d - 4*d, -3*c + 4*d = -32. Suppose k + 2*u = 16, 2*k + 7*u - c*u = 30. What is the remainder when i(5) is divided by k?
11
Suppose 0 = -72*h + 131969 + 88783. Calculate the remainder when h is divided by 29.
21
Suppose 63*w = 59*w + 28. Suppose 18*x - w*x - 341 = 0. What is the remainder when x is divided by 18?
13
Let h = 713 + -713. Calculate the remainder when (21300/(-80))/(6/(-16) - h) is divided by 23.
20
Let d = -360 - -677. Suppose -5*z - 3*g + d = -233, -4*z + 5*g + 440 = 0. Calculate the remainder when 323 is divided by z.
103
Suppose 0*u = 3*f - 2*u - 19, -u + 3 = f. Let d be 54/(-2) + (f - 6). Let g = 38 + d. What is the remainder when 27 is divided by g?
7
Let n(y) = y**2 + 3*y - 51. Let v be n(-9). Suppose -v*r = g + 2*r - 49, -r = 0. Calculate the remainder when g is divided by 19.
11
Suppose 1507 = q + 10*q - 594. Calculate the remainder when q is divided by 17.
4
Suppose -7 = -45*d + 38*d. Calculate the remainder when 82 is divided by d/10 - 2601/(-90).
24
Let j(k) = -k**3 - 8*k**2 + k + 12. Let l be j(-8). Let b be l/(-3)*(10 + (-4 - -3)). Calculate the remainder when ((-3)/2)/(b/112) is divided by 9.
5
Let a = -3228 + 3230. What is the remainder when (-7 - 23/(-4))/((-2)/32) is divided by a?
0
Let y(j) = j**2 - 20*j - 127. Let z(b) = b**2 + 3*b - 3. Let m = -20 - -28. What is the remainder when z(m) is divided by y(26)?
27
Suppose -h - d + 3 = 0, 5*d + 3 = 3*h + 2. Let n be (h/4)/(-3 + 921/306). Let o = n + -27. What is the remainder when 47 is divided by o?
23
Suppose -4*v + 206 = -2*w - 172, -4*v + 4*w + 384 = 0. Calculate the remainder when 1206 is divided by v.
90
Suppose -2*n + 2508 = 872. Let k = n + -758. What is the remainder when 838 is divided by k?
58
Let g be 189/(-1) - (-1 - 1). Let l = 275 + g. Calculate the remainder when l is divided by 22 - (-7)/21*3.
19
Let v(m) = 2*m**2 + 16*m - 1022. Calculate the remainder when v(38) is divided by 15.
14
Suppose -290*j + 311*j - 28308 = 0. Calculate the remainder when j is divided by 15.
13
Let t(s) be the first derivative of -s**4/4 - s**3/3 - 5*s**2/2 - s + 1. Let h be 2*(-8)/6*5469/3646. Calculate the remainder when t(h) is divided by 35.
32
Let f be 25 - ((-10)/(-8) - 4/16). Let s(i) = -i**3 + 53 - 20*i**2 - 23 - f. What is the remainder when 10 is divided by s(-20)?
4
Let x(l) = -2*l**3 - 2*l**2 + 70*l - 20. What is the remainder when 1917 is divided by x(5)?
27
Suppose -18589 + 8576 = -34*n + 90593. Calculate the remainder when n is divided by 26.
21
Let c(l) be the first derivative of -l**4/4 - 4*l**3/3 + 6*l**2 - 11*l - 9. Let n be c(-7). Let f = n + -43. Calculate the remainder when 26 is divided by f.
8
What is the remainder when 1057 is divided by (-6*333/30)/(((-3)/(-10))/(-1))?
169
Suppose -6*r - 11*r - 2*r - 1235 = 0. Let j = -31 - 16. Let n = j - r. Calculate the remainder when 46 is divided by n.
10
Suppose -2*o + 13*d = 12*d - 5494, -5*o + d + 13744 = 0. What is the remainder when o is divided by 43?
41
Suppose 18 + 14 = 2*r. Let t(q) = 5 - 4 + 7*q - 9 - 5. What is the remainder when t(6) is divided by r?
13
Let y = 0 - -2. Suppose 12*u = 1 + 59. Suppose 56 = 3*w - v, u*w + y*v - 60 = 37. What is the remainder when 84 is divided by w?
8
Suppose 4*m + 20 = 208. Calculate the remainder when m is divided by 2/15 - (15020/(-2100) - 12/(-42)).
5
Let s = -75 - -48. Suppose -4*j + 92 = -2*j. Calculate the remainder when (178/(-3))/(18/s) is divided by j.
43
Let f(g) = -g + 13. Let x be f(9). Calculate the remainder when ((-2)/1)/x*-10 is divided by (30/45)/((-2)/(-3)).
0
Suppose -27 = -10*j + 13*j. Let a(k) = k + 45. What is the remainder when 105 is divided by a(j)?
33
Let m be 1/(-2)*80/2. Let p = 27 + m. What is the remainder when ((-15)/10)/3*-22 is divided by p?
4
Suppose 0 = 2*w - 6*k - 0*k - 16738, 16696 = 2*w + k. Calculate the remainder when w is divided by 58.
57
Suppose -376 = -9*x + x. Suppose -u = -4*i - 12 + 505, -5*i + 3*u = -611. Calculate the remainder when i is divided by x.
30
Let f(k) = -k**3 + 7*k**2 + 7*k - 32. Let z be f(7). Suppose 0*v - z = -3*v + q, -2*v = -q - 12. What is the remainder when 230/18 - (-4)/18 is divided by v?
3
Let i = 1069 + -566. What is the remainder when i is divided by 16?
7
Suppose 221*j - 245*j + 2160 = 0. Calculate the remainder when 9358 is divided by j.
88
Let a = -50 + 76. Let x = a + -20. Suppose -9*h + 27 = -x*h. What is the remainder when 20 is divided by h?
2
Let g(p) = 180*p + 3413. What is the remainder when g(-14) is divided by 64?
61
Suppose -25*w + 5486 = -22789. Suppose 6*j = -5*g + 4*j + w, -5*g + 3*j = -1116. What is the remainder when g is divided by 12?
9
Let d(f) = 7*f + 1. Let v = 110 - 98. Calculate the remainder when 517/6 - v/72 is divided by d(3).
20
Let k = -413 + 274. Let j = 227 + k. Calculate the remainder when j is divided by 45.
43
Let t be (-220)/33*1/(-2)*-51. Let l = -154 - t. Suppose 4*x - 4*o + 34 = 318, -2*x = 5*o - 170. What is the remainder wh